ase 5, what is -3344443444 + -1?
-3344444000
In base 16, what is c9b6261 + -1?
c9b6260
In base 16, what is 29c1c + 232?
29e4e
In base 6, what is 4252104 + 1305?
4253413
In base 13, what is -c - -30235?
30226
In base 12, what is -3 - -3599a553?
3599a550
In base 5, what is -231 + 224222141?
224221410
In base 6, what is 3241514 + -1054?
3240420
In base 16, what is -2bc8 + 2e8?
-28e0
In base 11, what is 6 - a6a39a?
-a6a394
In base 4, what is 330103 + 11?
330120
In base 5, what is -223031 + -442231?
-1220312
In base 12, what is -11 + 66b9701?
66b96b0
In base 7, what is 1243205 + 454?
1243662
In base 9, what is 202102887 - -2?
202103000
In base 12, what is -a43ab + 113?
-a4298
In base 16, what is -4a9aa7 + 57?
-4a9a50
In base 3, what is -222121010100210101 - -2?
-222121010100210022
In base 4, what is -11 + -31000231120?
-31000231131
In base 8, what is 50331401 + 0?
50331401
In base 4, what is -1120 - -32011332221?
32011331101
In base 14, what is -78030c2 + 15?
-78030ab
In base 7, what is -540025 + -5?
-540033
In base 16, what is 8a7 + dea4?
e74b
In base 2, what is -11 + 10100100011111011000010100?
10100100011111011000010001
In base 5, what is 3 + 343023040?
343023043
In base 7, what is 6420 + -24222?
-14502
In base 9, what is -1 + 143564157?
143564156
In base 6, what is 53 - -100112351?
100112444
In base 15, what is 3 + 6537620?
6537623
In base 15, what is -786383e - 1?
-7863840
In base 6, what is -1101233212 + 1?
-1101233211
In base 14, what is 28a8c - -19b?
28c49
In base 4, what is 2022023322210 - -1?
2022023322211
In base 5, what is 123201010012 - 3?
123201010004
In base 14, what is -1d0354 + -20?
-1d0374
In base 15, what is 47d - -342e3?
34771
In base 12, what is 422785 + 3?
422788
In base 13, what is 34c + 6a06?
7055
In base 11, what is -1872 + 150983?
14a111
In base 4, what is 1220 + 2002321113?
2002322333
In base 11, what is -4 + -13792697?
-137926a0
In base 3, what is -21201 - -21020110101?
21020011200
In base 3, what is 12012101000101 + -11?
12012101000020
In base 16, what is 7f09 - -b81?
8a8a
In base 6, what is -4230 - 2453442?
-2502112
In base 4, what is 223130 - -3001110?
3230300
In base 11, what is -3 + 63683?
63680
In base 14, what is -3d9 - -2c3d7?
2bddc
In base 12, what is 26 + -1693b13?
-1693aa9
In base 12, what is -1 - -8a1012?
8a1011
In base 4, what is -11203 + 312201?
300332
In base 2, what is -100110100000111011 - 1100101?
-100110100010100000
In base 5, what is 412231204322 + 0?
412231204322
In base 13, what is b3746 - -42a?
b3b73
In base 11, what is 990 + -1036?
-156
In base 5, what is -42022320 + -32?
-42022402
In base 11, what is 283 + 33715?
33998
In base 3, what is 10111101 + 121222120?
202110221
In base 15, what is 60e65 + -21?
60e44
In base 4, what is 2 - -10230021101030?
10230021101032
In base 9, what is -17442123 + 4?
-17442118
In base 8, what is -1441506 - 31?
-1441537
In base 7, what is 21561541 - -4?
21561545
In base 9, what is -16 + -38068?
-38085
In base 14, what is -9807d6a1 - -3?
-9807d69c
In base 12, what is 4a14923 - 2?
4a14921
In base 14, what is -187b + 346?
-1535
In base 8, what is -5 - 3647630?
-3647635
In base 9, what is -88 + 128115?
128016
In base 16, what is 3 + 1e744?
1e747
In base 5, what is -11424430 - 410?
-11430340
In base 5, what is 103132241104 - 1?
103132241103
In base 9, what is -20074 - -225865?
205781
In base 7, what is -146 - 455434?
-455613
In base 2, what is -1000011111011100001 - 101000?
-1000011111100001001
In base 10, what is 7245 + 2319?
9564
In base 5, what is 1122334 - 3140?
1114144
In base 5, what is -1121103414 + -110?
-1121104024
In base 9, what is -746 + -2141?
-2887
In base 2, what is 10111100110101 - -11101111?
11000000100100
In base 4, what is 13 - 3302332031?
-3302332012
In base 6, what is -11540051 - 141?
-11540232
In base 12, what is -b - -6b2a68?
6b2a59
In base 7, what is 653644 - -1244?
655221
In base 10, what is -4 - 6392451?
-6392455
In base 5, what is -124444412 - -23?
-124444334
In base 2, what is -10100011010110101110110110 - -1001?
-10100011010110101110101101
In base 12, what is -15bb8 + -506?
-16502
In base 4, what is -1230110 - 23230?
-1320000
In base 15, what is 1cc60 - 25?
1cc3a
In base 14, what is 8d - -23998?
23a47
In base 4, what is -1000133222110 - 3?
-1000133222113
In base 5, what is -3 + 4310204412?
4310204404
In base 10, what is 1217 - 29525?
-28308
In base 5, what is 4 - -20113214344?
20113214403
In base 15, what is 29762c + -239?
2973e3
In base 14, what is -3c56c + 33d?
-3c22d
In base 14, what is -3b8c60 - 16?
-3b8c76
In base 6, what is 4303052 + 44?
4303140
In base 14, what is 3a - 59599?
-5955d
In base 4, what is -3233013121 - 31?
-3233013212
In base 8, what is 52127233 - -1?
52127234
In base 8, what is 43 - 521340?
-521275
In base 8, what is -5 - -200241375?
200241370
In base 11, what is 5356250a9 + -4?
5356250a5
In base 7, what is -1111343131 + -4?
-1111343135
In base 14, what is -14961ca - 6?
-14961d2
In base 4, what is -311112022232 + 0?
-311112022232
In base 14, what is -2 - 44c545?
-44c547
In base 13, what is -1ca785 + -9?
-1ca791
In base 9, what is 3225 + -214687?
-211462
In base 12, what is -164a + 1283?
-387
In base 2, what is -100111000 - 11001110111111?
-11010011110111
In base 15, what is 3 - -104d738?
104d73b
In base 5, what is 220443433131 - 1?
220443433130
In base 8, what is -102 + 110670?
110566
In base 2, what is 11011110000000 - 111101100?
11010110010100
In base 8, what is -3016534 - -2?
-3016532
In base 3, what is -110001111200220 + 2?
-110001111200211
In base 5, what is -11031240033 - -3?
-11031240030
In base 16, what is -13 + -b5508f?
-b550a2
In base 11, what is 5 - -245144?
245149
In base 14, what is 16 + -1346a0?
-134688
In base 3, what is 1022 + 100201122111012?
100201122112111
In base 4, what is 21023313 + 100?
21030013
In base 14, what is 298c - -4a0c?
759a
In base 6, what is -241 + 3115530?
3115245
In base 5, what is -1420240 + -204421?
-2130211
In base 6, what is 20510525 + 302?
20511231
In base 14, what is -29d5 + 415?
-25c0
In base 11, what is 181943897 - -2?
181943899
In base 11, what is -4 + -a8676?
-a867a
In base 12, what is 5 - -49561937?
49561940
In base 15, what is 331 - b56c?
-b23b
In base 7, what is -2322266 + -232?
-2322531
In base 6, what is -343012355 - -2?
-343012353
In base 16, what is -8f1 + 919?
28
In base 10, what is -49 - 162790?
-162839
In base 3, what is -1022122010102 - 201110?
-1022122211212
In base 13, what is 11a89b + -20?
11a87b
In base 6, what is 4034 + 1203045?
1211123
In base 3, what is -21 + 12202201112122?
12202201112101
In base 15, what is 3 - 76d70db?
-76d70d8
In base 14, what is -47a7 + -db8?
-5781
In base 10, what is 2 - 147839599?
-147839597
In base 5, what is 12044 + 142224341?
142241440
In base 16, what is 482 - 1c7e?
-17fc
In base 15, what is 167b3 - -19?
167cc
In base 8, what is -41046430 - 310?
-41046740
In base 16, what is 9e22a + 21?
9e24b
In base 16, what is 0 + 180055a?
180055a
In base 5, what is 3423233 + -142?
3423041
In base 7, what is 524125666 + 0?
524125666
In base 10, what is -29172257 + -7?
-29172264
In base 3, what is 112121111001211 + -11?
112121111001200
In base 4, what is -313000002 - -3?
-312333333
In base 2, what is 0 + 110001100100101011010?
110001100100101011010
In base 3, what is 101020202021 - 1001?
101020201020
In base 2, what is -1110011011001 + 110001111000?
-1000001100001
In base 8, what is -103535160 + 12?
-103535146
In base 14, what is -116 - 32bac2?
-32bbd8
In base 8, what is -7201304 - -4?
-7201300
In base 14, what is 4c786 + 38a?
4cb32
In base 11, what is 37a768 - -12a?
37a897
In base 3, what is 112012022122002 + 12?
112012022122021
In base 9, what is -1 + 82083086?
82083085
In base 15, what is 14eab - 9cc?
144ce
In base 5, what is 2122304 - 420?
2121334
In base 15, what is 2b + -7592?
-7566
In base 3, what is 100120020001 - 21?
100120012210
In base 3, what is -10110022 + -111122200200?
-111210010222
In base 2, what is 101001101100001100 - -101?
101001101100010001
In base 9, what is 6172 + -1777?
4284
In base 15, what is -1a35 - 255?
-1c8a
In base 10, what is -554008 - 8?
-554016
In base 15, what is 338c - -3e5?
3782
In base 5, what is 42 - 1433124424?
-1433124332
In base 15, what is -1 + a477d?
a477c
In base 16, what is -9da680 + 2?
-9da67e
In base